e 14, what is 5 - 117ac?
-117a7
In base 9, what is 6 + -3131?
-3124
In base 7, what is 11424 - -12?
11436
In base 9, what is -708 - 10?
-718
In base 11, what is -44 - 4?
-48
In base 9, what is -26 + -24288?
-24325
In base 12, what is -16 - 5abb?
-5b15
In base 6, what is -54235 - -5?
-54230
In base 9, what is -2675150 - -3?
-2675146
In base 11, what is -4 + -1648a7?
-164900
In base 6, what is 344 + 1244?
2032
In base 4, what is -203 - 100033?
-100302
In base 8, what is -4 + 34311?
34305
In base 6, what is 0 + 105054?
105054
In base 15, what is -6 + 310?
309
In base 14, what is 1228b - 0?
1228b
In base 9, what is -431 + -1035?
-1466
In base 4, what is 2330 - -11010?
20000
In base 8, what is -344613 - 0?
-344613
In base 4, what is -22 - -12121103?
12121021
In base 15, what is -1c3 + 7c9?
606
In base 9, what is 260407 - 1?
260406
In base 8, what is 104 + 126?
232
In base 14, what is 62a62 + -6?
62a5a
In base 5, what is 1023 - 22112?
-21034
In base 9, what is -1 + -10124?
-10125
In base 8, what is 157 - 4310?
-4131
In base 2, what is -10101110010 - 10100101?
-11000010111
In base 9, what is 3 - -1827?
1831
In base 7, what is -106 - 11422?
-11531
In base 4, what is -21313032011 + -3?
-21313032020
In base 13, what is a8 + -255?
-17a
In base 5, what is 24413413 - -1?
24413414
In base 4, what is -332203 - -2322?
-323221
In base 9, what is -38710 + -2?
-38712
In base 13, what is -35 + -bc9?
-c31
In base 5, what is -13123 + 44?
-13024
In base 15, what is 41ae9 - 4?
41ae5
In base 16, what is 8d - 16?
77
In base 8, what is -1474 - -3271?
1575
In base 12, what is 600b + 52?
6061
In base 16, what is dd + -ec?
-f
In base 16, what is -6 - 4e2a9?
-4e2af
In base 10, what is 162 + 454?
616
In base 5, what is 3312 + 220102?
223414
In base 12, what is ab4 - 1539?
-645
In base 9, what is -1570 + -401?
-2071
In base 2, what is 11 - 101001100101111110100?
-101001100101111110001
In base 7, what is -5254 + -2?
-5256
In base 4, what is 21 - -122102?
122123
In base 12, what is -129b8 - -1?
-129b7
In base 2, what is 100 - 100011001100010010?
-100011001100001110
In base 15, what is -14 + -242b?
-2440
In base 13, what is 7557b + 1?
7557c
In base 13, what is -88 - -1544?
1489
In base 3, what is 11101021 - 20010?
11011011
In base 14, what is 1c8 + -105?
c3
In base 6, what is -20441050 - -1?
-20441045
In base 5, what is 4 + -141001?
-140442
In base 5, what is -10100 - -242?
-4303
In base 2, what is 111010101 - -10001010?
1001011111
In base 3, what is -1012 + -1021222?
-1100011
In base 10, what is -910924 + 4?
-910920
In base 14, what is -2083 - -1bb?
-1ca6
In base 11, what is -7 - 2299?
-22a5
In base 3, what is -1120 - 10002212?
-10011102
In base 2, what is -10 + 11101110110111010?
11101110110111000
In base 2, what is -11111 + -111100010?
-1000000001
In base 13, what is 17b - -3a4c?
3bca
In base 10, what is 7 + -2885?
-2878
In base 13, what is 5 + 339a?
33a2
In base 11, what is 7008 + -260?
6858
In base 11, what is 2 + 16368?
1636a
In base 8, what is -3217714 - 0?
-3217714
In base 7, what is 0 - -111260?
111260
In base 6, what is -11 - 400030?
-400041
In base 10, what is -61687 - 0?
-61687
In base 2, what is -1001011001010100001010 - 0?
-1001011001010100001010
In base 14, what is -96 - cb?
-183
In base 7, what is 154 - -1031?
1215
In base 11, what is 113 + -1a1?
-89
In base 6, what is 515 - -203?
1122
In base 4, what is 1320110133 - 2?
1320110131
In base 9, what is 5 + 247621?
247626
In base 16, what is -9b - 2014?
-20af
In base 14, what is 1 - -7d12?
7d13
In base 16, what is -393 - -2ec?
-a7
In base 14, what is 251b + -2?
2519
In base 11, what is -45a2 - -a?
-4593
In base 14, what is 225 - -2983?
2ba8
In base 7, what is 5044621 + 4?
5044625
In base 14, what is -389b + 5?
-3896
In base 6, what is -14153 - 45?
-14242
In base 5, what is -1204014 - -4?
-1204010
In base 9, what is 24 - -104?
128
In base 9, what is 2 - -11801?
11803
In base 16, what is 5 - 30f0?
-30eb
In base 7, what is 30051 - -23?
30104
In base 15, what is -8 - b53c?
-b545
In base 4, what is -111 - 1300?
-2011
In base 9, what is -3 + 75534?
75531
In base 8, what is 6050 - -16?
6066
In base 5, what is -2 - 104033244?
-104033301
In base 8, what is -2 - 241747?
-241751
In base 13, what is 5 - 4620?
-4618
In base 13, what is 701 + -6?
6c8
In base 14, what is 207359 - 1?
207358
In base 8, what is 2 - 1652517?
-1652515
In base 10, what is 273570 + 1?
273571
In base 2, what is 11110100100110 + 100110?
11110101001100
In base 11, what is -5 - 9398?
-93a2
In base 3, what is -10120220 + 201121?
-2212022
In base 10, what is -5 - 183604?
-183609
In base 5, what is 123411 - -32?
123443
In base 8, what is -11305 + -67?
-11374
In base 8, what is 5 - -331710?
331715
In base 3, what is -1212102102 + 111?
-1212101221
In base 13, what is 6ab + -6?
6a5
In base 9, what is 5 + -5817?
-5812
In base 3, what is -2001122 + 12?
-2001110
In base 3, what is -212101 - 12021?
-1001122
In base 13, what is -2255 + 5?
-2250
In base 5, what is -23322303 + 2?
-23322301
In base 4, what is -2 + 132322?
132320
In base 16, what is c + 717?
723
In base 2, what is 11011011111000000 + -1?
11011011110111111
In base 14, what is -28834 + -1?
-28835
In base 14, what is 6b8 + -1b89?
-14b1
In base 10, what is -11 + -15408?
-15419
In base 9, what is 8203 - -106?
8310
In base 14, what is 13b - -565?
6a2
In base 12, what is -728 + -b76?
-16a2
In base 16, what is 286a6 - 7?
2869f
In base 4, what is 3 - -113113031?
113113100
In base 2, what is 101001110110001010000 - 100?
101001110110001001100
In base 3, what is 1011001000121 - 11?
1011001000110
In base 9, what is -4110775 - 4?
-4110780
In base 10, what is -376 - -13?
-363
In base 8, what is 372064 - -5?
372071
In base 5, what is 431 + 1213?
2144
In base 16, what is -4 + b5d?
b59
In base 16, what is 2734 + 1?
2735
In base 6, what is -43022 + 10?
-43012
In base 12, what is -76 - -6760?
66a6
In base 3, what is -1021010 + -12222?
-1111002
In base 3, what is -2222 - -1011212?
1001220
In base 12, what is -382b79 + 3?
-382b76
In base 12, what is 29a + 5a?
338
In base 13, what is 3990 - 2a?
3963
In base 15, what is -6 - -4931b?
49315
In base 15, what is -4 + 3394d?
33949
In base 7, what is 502 - -301?
1103
In base 4, what is -3313 - 222102?
-232021
In base 8, what is -2 - 14626?
-14630
In base 15, what is 2e + e34a?
e379
In base 5, what is 140 + 302?
442
In base 2, what is 110101011101110 + -11?
110101011101011
In base 6, what is -120045 - -4?
-120041
In base 2, what is -10001 + 1000100111101000100?
1000100111100110011
In base 13, what is -35c - -13b?
-221
In base 8, what is 254 + 110?
364
In base 5, what is -10223 + 1401?
-3322
In base 6, what is -2 + 441455?
441453
In base 9, what is 12260121 - -3?
12260124
In base 13, what is 1a7165 + 0?
1a7165
In base 2, what is 10111011110100 - 1000011?
10111010110001
In base 2, what is 101101001 - 11101100?
1111101
In base 8, what is -237220 - 2?
-237222
In base 16, what is 14 - -16d?
181
In base 7, what is -15361 - -30?
-15331
In base 2, what is -100 - -100010101000001?
100010100111101
In base 4, what is 2322330 + -2?
2322322
In base 7, what is -220256 + -14?
-220303
In base 5, what is 124 - -2001?
2130
In base 2, what is 1101011 - -11101111?
101011010
In base 16, what is 4fd + -19?
4e4
In base 6, what is 1450123 - -10?
1450133
In base 4, what is -103 + 1333?
1230
In base 11, what is 4 - -14724?
14728
In base 2, what is 1001011110010111 - -1100?
1001011110100011
In base 7, what is 11 + -2655?
-2644
In base 9, what is 2278 + -6?
2272
In base 7, what is 2515 + 22?
2540
In base 13, what is -3 + 10cbb?
10cb8
In base 12, what is 1552a + 0?
1552a
In base 14, what is -135a0 + 1?
-1359d
In base 5, what is 21 - -112033042?
112033113
In base 12, what is -911 + 0?
-911
In base 13, what is 7 + -1a3a95?
-1a3a8b
In base 10, what is 6 - 7807?
-7801
In base 4, what is -103232 + -231?
-110123
In base 12, what is -4 + 2b060?
2b058
In base 2, what is -10011001001100101 + 101?
-10011001001100000
In base 9, what is -154 + 218?
54
In base 13, what is 2 + 249523?
249525
In base 4, what is -200113 - 121?
-200300
In base 2, what is -11000111101111 + 1?
-11000111101110
In base 12, what is 4 - 36423?
-3641b
In base 2, what is 11 - 1001010110011110?
-1001010110011011
In base 3, what is -2122 - 101001?
-11020